ided by 2249?
13
What is the remainder when 1152 is divided by 292?
276
Calculate the remainder when 364788 is divided by 94.
68
What is the remainder when 24350 is divided by 43?
12
Calculate the remainder when 1930 is divided by 575.
205
What is the remainder when 42843 is divided by 209?
207
Calculate the remainder when 46378 is divided by 46378.
0
What is the remainder when 917 is divided by 209?
81
Calculate the remainder when 226652 is divided by 13.
10
What is the remainder when 253041 is divided by 126519?
3
Calculate the remainder when 239 is divided by 2.
1
What is the remainder when 204105 is divided by 14568?
153
What is the remainder when 12661 is divided by 78?
25
What is the remainder when 1532476 is divided by 320?
316
Calculate the remainder when 289364 is divided by 72.
68
Calculate the remainder when 5907 is divided by 1460.
67
Calculate the remainder when 8749 is divided by 141.
7
What is the remainder when 8420 is divided by 814?
280
Calculate the remainder when 1128 is divided by 1026.
102
Calculate the remainder when 395 is divided by 186.
23
What is the remainder when 48260 is divided by 22?
14
Calculate the remainder when 2907 is divided by 1347.
213
What is the remainder when 890538 is divided by 25?
13
What is the remainder when 304770 is divided by 40?
10
Calculate the remainder when 1845 is divided by 441.
81
Calculate the remainder when 55835 is divided by 9305.
5
What is the remainder when 116640 is divided by 133?
132
Calculate the remainder when 3495664 is divided by 61.
59
Calculate the remainder when 514 is divided by 99.
19
Calculate the remainder when 45324 is divided by 139.
10
Calculate the remainder when 181370 is divided by 16.
10
What is the remainder when 3170 is divided by 1053?
11
Calculate the remainder when 5588 is divided by 614.
62
Calculate the remainder when 46942 is divided by 27.
16
Calculate the remainder when 4704 is divided by 784.
0
Calculate the remainder when 4528 is divided by 794.
558
What is the remainder when 40823 is divided by 8053?
558
Calculate the remainder when 1198934 is divided by 1605.
1604
Calculate the remainder when 314459 is divided by 1169.
1167
What is the remainder when 4465 is divided by 4461?
4
Calculate the remainder when 41425 is divided by 21.
13
Calculate the remainder when 186163 is divided by 1149.
25
What is the remainder when 485 is divided by 29?
21
What is the remainder when 39623 is divided by 2330?
13
What is the remainder when 1128 is divided by 1103?
25
Calculate the remainder when 299014 is divided by 898.
878
Calculate the remainder when 106483 is divided by 819.
13
What is the remainder when 4986 is divided by 1234?
50
Calculate the remainder when 200096 is divided by 100031.
34
Calculate the remainder when 603435 is divided by 31.
20
What is the remainder when 64803 is divided by 155?
13
Calculate the remainder when 2517 is divided by 2514.
3
Calculate the remainder when 2636134 is divided by 282.
280
Calculate the remainder when 49336 is divided by 94.
80
Calculate the remainder when 6998 is divided by 1034.
794
What is the remainder when 44793 is divided by 8948?
53
Calculate the remainder when 80590 is divided by 6705.
130
What is the remainder when 12804 is divided by 139?
16
Calculate the remainder when 10768 is divided by 10740.
28
What is the remainder when 12065 is divided by 12053?
12
What is the remainder when 776 is divided by 349?
78
What is the remainder when 74083 is divided by 10?
3
Calculate the remainder when 4428 is divided by 1404.
216
What is the remainder when 100441 is divided by 4?
1
What is the remainder when 1556 is divided by 400?
356
What is the remainder when 17074 is divided by 8521?
32
Calculate the remainder when 100833 is divided by 33606.
15
What is the remainder when 71366 is divided by 40?
6
What is the remainder when 5615 is divided by 176?
159
Calculate the remainder when 309703 is divided by 309698.
5
What is the remainder when 2160 is divided by 1059?
42
Calculate the remainder when 5183 is divided by 1285.
43
Calculate the remainder when 148152 is divided by 882.
858
What is the remainder when 43 is divided by 21?
1
What is the remainder when 568 is divided by 114?
112
Calculate the remainder when 94093 is divided by 46949.
195
What is the remainder when 2989 is divided by 127?
68
Calculate the remainder when 300 is divided by 59.
5
What is the remainder when 29982 is divided by 34?
28
Calculate the remainder when 462 is divided by 451.
11
Calculate the remainder when 2466 is divided by 1071.
324
What is the remainder when 25018 is divided by 265?
108
Calculate the remainder when 22664 is divided by 3237.
5
What is the remainder when 2954 is divided by 1429?
96
What is the remainder when 25354 is divided by 384?
10
What is the remainder when 1089 is divided by 608?
481
What is the remainder when 16197 is divided by 120?
117
What is the remainder when 9815 is divided by 116?
71
What is the remainder when 5135 is divided by 995?
160
Calculate the remainder when 20192 is divided by 306.
302
Calculate the remainder when 56472 is divided by 38.
4
What is the remainder when 170407 is divided by 170403?
4
Calculate the remainder when 6945 is divided by 64.
33
Calculate the remainder when 1884 is divided by 478.
450
What is the remainder when 4561179 is divided by 65?
64
Calculate the remainder when 2162 is divided by 190.
72
What is the remainder when 3111180 is divided by 183?
180
Calculate the remainder when 35152 is divided by 63.
61
Calculate the remainder when 512651 is divided by 143.
139
What is the remainder when 274987 is divided by 1087?
1063
What is the remainder when 12188 is divided by 677?
2
What is the remainder when 3930633 is divided by 599?
594
What is the remainder when 20130 is divided by 3811?
1075
What is the remainder when 8931 is divided by 4458?
15
Calculate the remainder when 35011 is divided by 3174.
97
What is the remainder when 19297 is divided by 4824?
1
Calculate the remainder when 211721 is divided by 24.
17
What is the remainder when 295258 is divided by 148?
146
What is the remainder when 72353 is divided by 277?
56
Calculate the remainder when 1256 is divided by 181.
170
What is the remainder when 71398 is divided by 10199?
5
What is the remainder when 103514 is divided by 1056?
26
What is the remainder when 1989 is divided by 585?
234
Calculate the remainder when 92396 is divided by 770.
766
What is the remainder when 1729 is divided by 189?
28
Calculate the remainder when 8613 is divided by 8.
5
Calculate the remainder when 25005 is divided by 2083.
9
What is the remainder when 20397 is divided by 694?
271
What is the remainder when 8460 is divided by 4041?
378
What is the remainder when 34975 is divided by 78?
31
What is the remainder when 46022 is divided by 648?
14
What is the remainder when 21657 is divided by 188?
37
Calculate the remainder when 73338 is divided by 96.
90
What is the remainder when 13737 is divided by 3796?
2349
What is the remainder when 3018 is divided by 385?
323
What is the remainder when 565515 is divided by 565510?
5
Calculate the remainder when 506845 is divided by 465.
460
What is the remainder when 141843 is divided by 5?
3
What is the remainder when 720898 is divided by 144178?
8
What is the remainder when 136239 is divided by 873?
51
What is the remainder when 10050 is divided by 10023?
27
What is the remainder when 479556 is divided by 7052?
20
Calculate the remainder when 262559 is divided by 13.
11
Calculate the remainder when 674723 is divided by 26.
23
What is the remainder when 11920 is divided by 1191?
10
Calculate the remainder when 2970 is divided by 185.
10
Calculate the remainder when 201 is divided by 132.
69
Calculate the remainder when 31323 is divided by 175.
173
What is the remainder when 281811 is divided by 2219?
2217
Calculate the remainder when 22887 is divided by 105.
102
Calculate the remainder when 77386 is divided by 218.
214
Calculate the remainder when 23504 is divided by 14.
12
What is the remainder when 2509 is divided by 420?
409
What is the remainder when 6302 is divided by 1574?
6
What is the remainder when 744911 is divided by 186224?
15
Calculate the remainder when 399 is divided by 121.
36
What is the remai